site number?
True
Is 120269 composite?
True
Is 337 a composite number?
False
Is 117659 a composite number?
False
Is 887 composite?
False
Is 66841 composite?
False
Is 159869 composite?
False
Is 68473 a composite number?
False
Is 4735 prime?
False
Is 151157 a composite number?
False
Is 42821 a composite number?
False
Is 233159 a prime number?
True
Is 1501 a composite number?
True
Is 8861 composite?
False
Is 3778 composite?
True
Is 154613 a composite number?
False
Is 199473 a composite number?
True
Is 13963 a prime number?
True
Is 2503 a prime number?
True
Is 48953 a prime number?
True
Is 5702 a prime number?
False
Is 21557 prime?
True
Is 62593 a prime number?
False
Is 9935 composite?
True
Is 36541 composite?
False
Is 471241 a prime number?
True
Is 485 prime?
False
Is 40773 a composite number?
True
Is 29801 prime?
False
Is 949505 a prime number?
False
Is 123665 composite?
True
Is 1361 a prime number?
True
Is 613927 a prime number?
False
Is 61715 prime?
False
Is 899309 prime?
True
Is 15653 prime?
False
Is 907259 composite?
False
Is 37951 composite?
False
Is 9487 prime?
False
Is 644849 a prime number?
False
Is 76061 composite?
True
Is 662107 composite?
False
Is 12443 a composite number?
True
Is 57179 prime?
True
Is 26221 prime?
False
Is 13261 a prime number?
False
Is 17509 a prime number?
True
Is 485 a prime number?
False
Is 4829503 composite?
True
Is 549863 a prime number?
True
Is 179323 prime?
False
Is 4955 composite?
True
Is 54037 composite?
False
Is 1176163 a prime number?
True
Is 861071 a composite number?
True
Is 38431 a composite number?
False
Is 21077 a composite number?
True
Is 80377 a prime number?
False
Is 3029 a prime number?
False
Is 47777 prime?
True
Is 215723 a prime number?
True
Is 19673 a composite number?
True
Is 107963 composite?
True
Is 703 composite?
True
Is 454409 prime?
True
Is 187214 composite?
True
Is 17439 prime?
False
Is 31009 a prime number?
False
Is 70373 composite?
False
Is 52313 a composite number?
False
Is 967673 a composite number?
True
Is 35345 composite?
True
Is 23878 a prime number?
False
Is 1363 a prime number?
False
Is 735689 prime?
True
Is 597757 prime?
True
Is 47759 composite?
True
Is 3683 a composite number?
True
Is 1194439 composite?
False
Is 82067 composite?
False
Is 4183 composite?
True
Is 4283 composite?
False
Is 1694239 prime?
True
Is 6187 a prime number?
False
Is 191329 a composite number?
True
Is 356243 composite?
False
Is 411713 prime?
False
Is 18539 a prime number?
True
Is 11278 composite?
True
Is 20563 prime?
True
Is 2863 a composite number?
True
Is 1814209 prime?
False
Is 51383 a composite number?
False
Is 149579 prime?
True
Is 108683 composite?
True
Is 2785 a prime number?
False
Is 425939 a prime number?
True
Is 23101 a composite number?
True
Is 208961 a composite number?
False
Is 12819317 a composite number?
True
Is 28333 composite?
True
Is 1507993 a prime number?
True
Is 9677 a composite number?
False
Is 1359529 prime?
True
Is 55231 a prime number?
False
Is 420649 prime?
False
Is 1347821 prime?
False
Is 22807 a prime number?
True
Is 268607 composite?
False
Is 313399 composite?
False
Is 17239 prime?
True
Is 537083 composite?
True
Is 7331 composite?
False
Is 15499 a prime number?
False
Is 204401 a composite number?
True
Is 2575477 a composite number?
True
Is 85681 a prime number?
False
Is 316831 a composite number?
True
Is 79877 prime?
False
Is 2391 a prime number?
False
Is 268241 a prime number?
False
Is 165067 a prime number?
False
Is 6241 a composite number?
True
Is 51367 a prime number?
False
Is 27289 a composite number?
True
Is 3578 prime?
False
Is 35439 a prime number?
False
Is 379 composite?
False
Is 24407 prime?
True
Is 313187 prime?
False
Is 22487 a prime number?
False
Is 25943 a prime number?
True
Is 183839 a prime number?
False
Is 2346551 a composite number?
False
Is 9199 prime?
True
Is 4021181 prime?
False
Is 3554 a composite number?
True
Is 8839 a prime number?
True
Is 803 a prime number?
False
Is 104743 prime?
True
Is 3845 composite?
True
Is 137289 a prime number?
False
Is 7349 a prime number?
True
Is 17291 a composite number?
False
Is 18741 composite?
True
Is 41423 prime?
False
Is 1249 prime?
True
Is 7361 a composite number?
True
Is 14909 a prime number?
False
Is 633263 prime?
True
Is 118967 prime?
True
Is 105695 prime?
False
Is 103287 a prime number?
False
Is 30167 a prime number?
False
Is 1024759 composite?
True
Is 279499 composite?
True
Is 7297 a composite number?
False
Is 1501139 a composite number?
False
Is 208111 a prime number?
True
Is 15727 composite?
False
Is 52265 a prime number?
False
Is 4078 composite?
True
Is 5131 composite?
True
Is 151549 a prime number?
True
Is 217 prime?
False
Is 943471 prime?
True
Is 19111 a prime number?
False
Is 206105 prime?
False
Is 51563 prime?
True
Is 111427 a composite number?
False
Is 272858 a composite number?
True
Is 1757081 composite?
True
Is 2884897 a composite number?
False
Is 310457 a prime number?
False
Is 175313 a prime number?
False
Is 5095139 composite?
True
Is 18687 composite?
True
Is 63221 a composite number?
True
Is 48179 a composite number?
False
Is 88463 composite?
False
Is 3415 prime?
False
Is 17137 composite?
False
Is 44378 a composite number?
True
Is 5981 composite?
False
Is 2893 prime?
False
Is 11197 a prime number?
True
Is 9371 prime?
True
Is 1920257 composite?
False
Is 88037 a prime number?
True
Is 203867 prime?
False
Is 757543 a prime number?
True
Is 5209 prime?
True
Is 65761 prime?
True
Is 1585 composite?
True
Is 14983 prime?
True
Is 879 a prime number?
False
Is 19597 prime?
True
Is 3979 a prime number?
False
Is 9235 prime?
False
Is 117485 composite?
True
Is 2064261 a composite number?
True
Is 5857 composite?
False
Is 36283 a prime number?
False
Is 321513 prime?
False
Is 3299 a composite number?
False
Is 3993166 a prime number?
False
Is 347617 a prime number?
False
Is 3037 a composite number?
False
Is 292287 a composite number?
True
Is 4193 prime?
False
Is 57089 a prime number?
True
Is 17879 prime?
False
Is 2069 composite?
False
Is 53435 a composite number?
True
Is 67553 a prime number?
False
Is 751549 a composite number?
False
Is 739231 prime?
False
Is 265479 prime?
False
Is 71979 a composite number?
True
Is 870839 composite?
True
Is 44483 prime?
True
Is 9431 a composite number?
False
Is 635879 a composite number?
False
Is 4393 prime?
False
Is 28387 composite?
False
Is 7151 a prime number?
True
Is 89455 composite?
True
Is 674698 composite?
True
Is 66217 a composite number?
True
Is 1397 composite?
True
Is 8143 prime?
False
Is 87923 prime?
False
Is 81223 composite?
False
Is 663697 a composite number?
True
Is 22247 composite?
False
Is 631913 prime?
True
Is 39407 a prime number?
False
Is 1320853 a composite number?
True
Is 17827 prime?
True
Is 110809 prime?
False
Is 160049 a composite number?
False
Is 12701 a composite number?
True
Is 274279 composite?
True
Is 27271 a prime number?
True
Is 1416097 a prime number?
True
Is 926753 a composite number?
True
Is 207859 a prime number?
False
Is 6641 composite?
True
Is 889 composite?
True
Is 634739 a composite number?
True
Is 894091 composite?
True
Is 26147 composite?
True
Is 234539 prime?
True
Is 346197 a prime number?
False
Is 26791 a composite number?
True
Is 1601 a prime number?
True
Is 4637 a composite number?
False
Is 701227 composite?
False
Is 10969 a prime number?
False
Is 4189 a prime number?
False
Is 11027 composite?
False
Is 29959 a composite number?
False
Is 122819 a composite number?
False
Is 9235 composite?
True
Is 1471 a composite number?
False
Is 1157281 prime?
False
Is 2180329 a prime number?
True
Is 96989 a prime number?
True
Is 20021 a prime number?
True
Is 5223 prime?
False
Is 792979 composite?
True
Is 320531 a prime number?
False
Is 12473 a composite number?
False
Is 110849 a prime number?
True
Is 3737122 composite?
True
Is 30377 a composite number?
True
Is 7311197 a composite number?
False
Is 5171 a composite number?
False
Is 39922 prime?
False
Is 221 a prime number?
False
Is 44413 composite?
True
Is 5227 composite?
False
Is 3163051 prime?
True
Is 967 a composite number?
False
Is 3493 composite?
True
Is 385559 a prime number?
True
Is 29919 prime?
False
Is 592853 a prime number?
True
Is 1573491 a composite number?
True
Is 3541 a composite number?
False
I